 divided by l(0)?
23
Suppose -4*q = -46 - 158. What is the remainder when q is divided by ((-78)/(-15))/((-1)/(-5))?
25
What is the remainder when 36 is divided by (1 + 6/14)*7?
6
Let j be 1/((0 - 3)/18). Calculate the remainder when 4 is divided by (-1 - 0)/3*j.
0
Let g = 2 - -3. Suppose g*t - 7 = 3. Calculate the remainder when 6 is divided by t.
0
Let a(c) = -c**2 - 14*c - 15. Let k(u) = -u**3 + 11*u**2 - u + 15. Let w be k(11). Suppose 159 = w*d - d. Calculate the remainder when d is divided by a(-11).
17
Suppose 2*b + d - 5 = 0, 6*d = -b + 3*d. What is the remainder when 7 is divided by b?
1
Let g be ((-6)/9)/(2/6). Let z(s) = 2*s + 1. What is the remainder when z(8) is divided by (-116)/(-12) - g/(-3)?
8
Suppose -11*t + 60 = -7*t. Calculate the remainder when 57 is divided by t.
12
Let b be (-4)/(-2) + 8*-1. Let y(z) = -2*z - 4. Suppose 2*r - 121 = -4*k + r, 0 = 5*k + r - 150. What is the remainder when k is divided by y(b)?
5
Let s = 31 - -14. What is the remainder when 89 is divided by s?
44
Let g(u) be the first derivative of 9*u**2/2 - 2. What is the remainder when 15 is divided by g(1)?
6
Suppose 0 = -2*t + w - 1 - 0, 2*t = 3*w - 11. What is the remainder when 6 is divided by t?
0
Let d = 67 - 14. Calculate the remainder when d is divided by 28.
25
Let d = -143 + 207. Calculate the remainder when d is divided by 13.
12
Suppose -g = 5*p - 192, -4*p = 4*g - 49 - 111. Calculate the remainder when p is divided by 6.
2
Suppose 20 = 2*v - 5*k - 37, -31 = -v + 3*k. What is the remainder when v is divided by 9?
7
Suppose 0 = 4*a + 3*i - 215, i - 53 = 2*a - 3*a. Suppose y + z + 36 = 3*y, -4*y - 2*z = -80. Calculate the remainder when a is divided by y.
18
Let u = -124 + 215. Suppose 0 = -2*t - 2*t + 4*z + 108, 4*t - z = 120. Calculate the remainder when u is divided by t.
29
Let p = 3 - -169. What is the remainder when 46 is divided by 6/(-21) - p/(-14)?
10
What is the remainder when ((-12)/(-4))/((-9)/(-174)) is divided by 12?
10
What is the remainder when 8 is divided by 19/7 - 22/(-77)?
2
Suppose -24 = 3*b - 4*n, 5*b - 3*n = 2*n - 35. Let u = b + 11. Calculate the remainder when 13 is divided by u.
6
Suppose -2*v + 14 = -v. Suppose -5*k = v + 1. What is the remainder when 15 is divided by 1/2*10 - k?
7
Let z be -2 + (0 + -2 - -5). Suppose -45 = -2*q - 5*u + 5, 0 = -q + 4*u - z. What is the remainder when 58 is divided by q?
13
Suppose -4*o = 2*k - 28, -2 + 4 = -2*o - 5*k. Suppose 0 + o = -3*z, -3*i + 4*z = -99. Calculate the remainder when i is divided by 10.
9
Let c(o) = -9*o. Let m(r) = -10*r - 1. Let u(q) = -6*c(q) + 5*m(q). Calculate the remainder when 20 is divided by u(4).
9
Suppose 3*d + 112 = u + 4*u, 0 = u - 5*d - 18. What is the remainder when u is divided by ((-2)/(-5))/((-4)/(-120))?
11
Let t(h) be the second derivative of -h**5/20 + h**4/12 - h**3/6 + 3*h**2 - 3*h. Let b(p) = p. Let x be b(0). Calculate the remainder when 9 is divided by t(x).
3
Suppose -4*x - 4*h + 70 = h, -5*x = -2*h - 71. Suppose -2*i = -m + 26, -3*m + 107 = m - 5*i. Calculate the remainder when m is divided by x.
13
Suppose 0 = -3*m + 4 + 8. Calculate the remainder when 5 is divided by m.
1
Suppose -5*a + 4 = -1, a = g - 34. What is the remainder when 138 is divided by g?
33
Let k be (-2)/(-6) + 28/6. Suppose 61 = k*w - 259. Calculate the remainder when w is divided by 22.
20
Let r = 30 + 12. Calculate the remainder when r is divided by 11.
9
Calculate the remainder when 54 is divided by (-5)/25 + 81/5.
6
Suppose -2*g - g = -9. Let r(n) = -n**2 - 5*n + 1. Let p be r(-5). Let j = g - p. What is the remainder when 4 is divided by j?
0
Let v = 20 - 6. Let y = 16 - v. Suppose 0*k - 6 = -2*k, -d = 5*k - 18. What is the remainder when d is divided by y?
1
Suppose -10 = -k + 11. Calculate the remainder when 1/2 + (-369)/(-6) is divided by k.
20
Let c = 72 - -32. Calculate the remainder when c is divided by 21.
20
Suppose 3*g = 3*x + 54, -3*x + 5 + 4 = 0. What is the remainder when g is divided by 12?
9
Let q be 188/5 - (-2)/5. Suppose q + 97 = 5*g. Calculate the remainder when g is divided by 14.
13
Let b(a) = -a**2 + 23*a + 59. Suppose -5*r - 39 = -8*r. What is the remainder when b(24) is divided by r?
9
Let u be ((-4)/(-6))/((-8)/432). Suppose -2*x + 336 = 4*h - 6*x, -3*h + 254 = -x. Let p = h + u. Calculate the remainder when p is divided by 13.
10
Suppose y - 1 = 3. Suppose 5*j + y*b = 182, 69 = 2*j + 3*b - 1. Calculate the remainder when j is divided by 10.
8
Let w(h) = -2*h**2 + 10*h + 2. Let k be w(5). Suppose -2*a = -5*a + 3*p + 51, 17 = a - k*p. Calculate the remainder when a is divided by 5.
2
Let s(l) = -6*l**2 - 2*l - 4. Let t be s(3). Let q = t + 125. Calculate the remainder when q is divided by 21.
19
Suppose -4*r + 3*n = -5, -n - 40 = -3*r - 6*n. Let m be (2/5)/((-3)/15). Calculate the remainder when (-17)/m - (-2)/(-4) is divided by r.
3
What is the remainder when (-2)/7*(-3948)/12 is divided by 12?
10
Let d(o) = -3*o + 5*o - 2 - o. Let x be d(3). Calculate the remainder when 1*(1 + x) - -4 is divided by 4.
2
Suppose -4*h = 3*f - 24, -h - 3 = f - 12. Let x = f - 6. What is the remainder when 16 is divided by x?
4
Let b = -3 - -6. Suppose 0 = 2*s - b*s + 77. Suppose v - 5*u = 32, 0 = -2*v - 0*v - 3*u + s. What is the remainder when v is divided by 13?
11
Let k be 0*(4/2 + -1). Let b be 1536/30 - 2/10. Suppose 4*h = -r + b, k = 5*h + r - 75 + 11. Calculate the remainder when 37 is divided by h.
11
Let b(k) = 50*k**3 + k**2 - 2*k + 1. Let t be b(1). Let r be (t - -1)*1/3. Let i = r - 3. Calculate the remainder when 27 is divided by i.
13
Suppose -p - 9 = -4*p. Suppose 3*j - p*f = 12, j + 4*f - 8 = -j. What is the remainder when 2/(-5) - (-32)/5 is divided by j?
2
Let l(x) = -x**3 + 8*x**2 + 11*x - 9. Let t be l(9). Suppose k + 5*c = 30, -34 = -5*c - t. Let f = 13 + 0. Calculate the remainder when f is divided by k.
3
Suppose -3*w = -3*r + 5 - 26, 4*w - 5*r = 33. Suppose 3*p + w*p = 20. Let c(b) = 12*b**2 - b. What is the remainder when c(1) is divided by p?
3
Suppose 4*x - x = 36. Calculate the remainder when 35 is divided by x.
11
Let x = 26 - -46. Calculate the remainder when x is divided by 19.
15
Let s(p) = 48*p - 2. What is the remainder when 228 is divided by s(1)?
44
Let f(y) = y + 10. Let m be f(-8). Suppose 2*b + 2*d + m - 12 = 0, -d - 1 = -b. Calculate the remainder when 5 is divided by b.
2
Let l be (-227)/9 + (-2)/(-9). Calculate the remainder when (110/l)/((-2)/10) is divided by 8.
6
Calculate the remainder when -1 - 6/(-9) - (-115)/3 is divided by 7.
3
Let y(c) = -c**3 + 25*c**2 - 22*c - 37. Let z(h) = 2*h**2 - h - 3. What is the remainder when z(5) is divided by y(24)?
9
Let s(t) = -t + 2. Let j(l) = l - 1. Let p(z) = 3*j(z) + 2*s(z). What is the remainder when 6 is divided by p(1)?
0
Let a be (-130)/(-14) + (-2)/7. Let r = 2 + a. What is the remainder when (18/15)/(12/210) is divided by r?
10
Let p(w) = w. Let a be p(-6). Let m be ((-3)/(-1))/(a/(-8)). Let s(u) = -u**3 + 4*u**2 + 3*u + 4. What is the remainder when 47 is divided by s(m)?
15
Let a = 12 + 0. Let b be (0 + -3 + 0)*-5. Let s = b + 20. What is the remainder when s is divided by a?
11
Let r(v) = v**2 + 4*v + 1. Calculate the remainder when r(-5) is divided by 2.
0
Suppose 0 = u - 5*a - 38, 4*a = 2*u - 30 - 46. Calculate the remainder when u is divided by 14.
10
Let d be (-7)/(-2) + 1/(-2). Let o = 20 - d. Suppose 0 = 5*u - 4*q - 265, -4*q - 5 = -3*q. What is the remainder when u is divided by o?
15
Let p = 102 - 87. Calculate the remainder when p is divided by 11.
4
Let w(k) = 4*k**3 - 3 + 0*k**3 - 5*k**3 - 8*k - 6*k**2. Let g be (-28)/6 - 1/3. What is the remainder when 22 is divided by w(g)?
10
Suppose 3*x + c + 1 = 2, 0 = -4*x - 5*c - 17. Suppose -4*f + x*v + 102 = 0, 5*f - 120 = -0*f + v. What is the remainder when 89 is divided by f?
20
Let r be (-2 - -1)/((-1)/38). Suppose 12 = p - 3*o, -2*p + 4*o + r = 5*o. Let s = -1 + p. What is the remainder when 32 is divided by s?
15
Let m(f) = 2*f - 3. Let k be m(-5). Let x = 22 + k. Calculate the remainder when 16 + 2/(-1) + 2 is divided by x.
7
Let q be (1 - -7)*(22 - 0). What is the remainder when 13 is divided by (-5)/(-2)*q/55?
5
Suppose 58 = 4*w - 0*w + 5*g, 2*g = w - 8. Let h = w + 15. What is the remainder when h 